0
-2ee (base 16) to base 9
-1023
Convert 1221111121 (base 3) to base 10.
38275
-2ba (base 14) to base 16
-22c
1101000101010 (base 2) to base 5
203243
What is 31420 (base 6) in base 14?
17a4
What is 122211 (base 3) in base 2?
111100001
What is -47a (base 11) in base 12?
-3b7
-45104 (base 7) to base 5
-330442
Convert -21121200 (base 3) to base 16.
-15b1
-2022 (base 4) to base 9
-163
What is -4e6 (base 15) in base 10?
-1116
What is -4d6 (base 15) in base 12?
-779
What is 14440 (base 5) in base 10?
1245
Convert -1202121 (base 3) to base 15.
-5aa
20323 (base 4) to base 13
34c
Convert -1000010001101111 (base 2) to base 14.
-c4d9
What is 77d3 (base 14) in base 9?
31432
What is 97 (base 12) in base 14?
83
Convert 231003 (base 6) to base 11.
13852
Convert 103b1 (base 15) to base 9.
77534
Convert 340501 (base 7) to base 4.
32231233
What is -198 (base 15) in base 12?
-268
Convert 33004 (base 7) to base 3.
102022001
What is 7611 (base 8) in base 13?
1a6c
13 (base 16) to base 6
31
What is -85425 (base 10) in base 4?
-110312301
Convert 122231 (base 6) to base 5.
322031
Convert -2442 (base 6) to base 16.
-25a
Convert 233230 (base 6) to base 2.
100111011010010
What is 3655 (base 8) in base 12?
1179
-3233 (base 4) to base 10
-239
1113 (base 5) to base 4
2132
122202 (base 4) to base 8
3242
Convert -1002002021 (base 3) to base 8.
-51322
Convert 1011111101 (base 2) to base 4.
23331
Convert 1a481 (base 13) to base 7.
302412
What is 93a (base 12) in base 16?
53e
Convert 4647 (base 12) to base 3.
101202001
What is -413 (base 15) in base 8?
-1626
Convert 10112102 (base 3) to base 5.
40301
-1505 (base 7) to base 5
-4333
Convert 4773 (base 8) to base 16.
9fb
1040 (base 8) to base 10
544
What is -20430 (base 8) in base 9?
-12553
What is -57856 (base 9) in base 4?
-21123033
Convert -1000110100 (base 2) to base 7.
-1434
104 (base 8) to base 2
1000100
Convert -15863 (base 9) to base 13.
-4c74
What is 11540 (base 8) in base 7?
20314
Convert 111101010101 (base 2) to base 5.
111200
What is 110111000 (base 2) in base 5?
3230
-636 (base 9) to base 12
-373
What is -4318 (base 14) in base 5?
-332321
Convert -96cd (base 16) to base 3.
-1221221211
21110 (base 5) to base 4
111331
-3b2 (base 16) to base 8
-1662
What is -1101 (base 4) in base 9?
-100
Convert -405 (base 13) to base 11.
-56a
1001 (base 5) to base 13
99
What is 47511 (base 8) in base 4?
10331021
Convert -141702 (base 8) to base 13.
-19a6c
What is -414501 (base 6) in base 5?
-2032240
Convert 1351 (base 16) to base 11.
3796
Convert -986 (base 12) to base 6.
-10250
-207a (base 11) to base 7
-11005
110001001100010 (base 2) to base 11
17a17
Convert -21102111 (base 3) to base 16.
-1525
What is 40721 (base 9) in base 10?
26830
Convert -40ba (base 12) to base 10.
-7054
-201 (base 8) to base 13
-9c
-111303 (base 4) to base 2
-10101110011
Convert -102f (base 16) to base 7.
-15036
3332 (base 6) to base 10
776
5463 (base 8) to base 3
10221012
d9 (base 16) to base 4
3121
What is -20403 (base 6) in base 11?
-2070
-1122202 (base 3) to base 2
-10010111000
12201101 (base 3) to base 4
1001020
Convert -112100 (base 4) to base 8.
-2620
Convert 1546 (base 12) to base 2.
100111000110
Convert 605 (base 12) to base 6.
4005
102 (base 6) to base 16
26
2354 (base 7) to base 13
521
Convert -13842 (base 9) to base 16.
-24da
-23310303 (base 4) to base 6
-1012123
Convert -11331 (base 6) to base 12.
-b47
14175 (base 11) to base 10
20168
What is 102533 (base 6) in base 8?
20331
24130 (base 10) to base 14
8b18
What is 1213 (base 9) in base 6?
4103
Convert -3132 (base 6) to base 9.
-862
Convert 201 (base 10) to base 4.
3021
What is 7196 (base 12) in base 9?
17846
-523 (base 14) to base 7
-2643
Convert 1503 (base 6) to base 5.
3044
What is 224 (base 13) in base 3?
111122
What is 6498 (base 11) in base 16?
2181
Convert -19395 (base 11) to base 14.
-9c2b
-3040 (base 5) to base 6
-1455
111100011011 (base 2) to base 9
5266
Convert 100724 (base 9) to base 16.
e8f6
768 (base 15) to base 13
9b9
Convert 565b (base 13) to base 14.
4587
-2514 (base 13) to base 7
-21216
Convert -316611 (base 7) to base 16.
-d78e
Convert 112200 (base 3) to base 9.
480
Convert 323 (base 10) to base 4.
11003
Convert -20441 (base 8) to base 6.
-103133
Convert 323 (base 6) to base 10.
123
-111000111101 (base 2) to base 4
-320331
-10 (base 10) to base 12
-a
Convert 19ac7 (base 13) to base 16.
c40b
Convert -12045 (base 6) to base 7.
-5060
What is 11001100010011 (base 2) in base 8?
31423
Convert -4360 (base 10) to base 4.
-1010020
What is -9188 (base 11) in base 7?
-50362
What is 9382 (base 10) in base 6?
111234
What is -1020122 (base 4) in base 5?
-122014
-10101 (base 6) to base 11
-1002
Convert 1242 (base 16) to base 8.
11102
What is 21320 (base 4) in base 15?
2c2
210222 (base 3) to base 15
298
Convert 201200002 (base 3) to base 16.
3803
-1442331 (base 5) to base 10
-30966
Convert 3377 (base 14) to base 15.
29a0
What is 24214 (base 5) in base 6?
12213
What is 550031 (base 6) in base 11?
31104
-12316 (base 9) to base 6
-102153
Convert 33c (base 14) to base 12.
456
What is -1211120010 (base 3) in base 4?
-20310201
-223144 (base 5) to base 2
-1111011110100
What is 432 (base 16) in base 5?
13244
Convert 197 (base 10) to base 3.
21022
-1505 (base 10) to base 11
-1149
Convert -73744 (base 8) to base 10.
-30692
What is 322 (base 5) in base 8?
127
What is 3212313 (base 5) in base 15?
11058
4201 (base 5) to base 2
1000100111
Convert 2022102 (base 3) to base 9.
2272
-4014 (base 7) to base 8
-2547
What is 6bac (base 13) in base 12?
8953
-1110110110111 (base 2) to base 10
-7607
Convert a154 (base 11) to base 8.
32262
What is -101201 (base 3) in base 13?
-193
Convert -6a5a (base 11) to base 2.
-10010000101101
Convert -1541 (base 10) to base 12.
-a85
-88 (base 15) to base 10
-128
-227 (base 10) to base 15
-102
-15683 (base 13) to base 14
-10b6b
Convert 14b2 (base 14) to base 10.
3684
Convert -3dcc (base 15) to base 2.
-11001110111010
What is 23140 (base 6) in base 3?
11112020
Convert -623 (base 10) to base 5.
-4443
What is 4225 (base 10) in base 5?
113400
What is 143 (base 15) in base 8?
440
Convert -6cb8 (base 13) to base 15.
-4841
Convert -10001000101111101 (base 2) to base 9.
-116032
4000 (base 5) to base 2
111110100
Convert -4090 (base 11) to base 3.
-21102212
What is -3011 (base 4) in base 14?
-101
23211 (base 4) to base 16
2e5
What is 283 (base 13) in base 8?
675
-833 (base 14) to base 11
-1237
Convert -299 (base 13) to base 3.
-122012
What is 11110010111 (base 2) in base 4?
132113
Convert 4511 (base 8) to base 4.
211021
44813 (base 11) to base 6
1220154
-105021 (base 7) to base 14
-6a81
What is -7d29 (base 16) in base 11?
-22089
What is -1204041 (base 5) in base 15?
-6981
Convert -17252 (base 8) to base 6.
-100202
301201 (base 5) to base 9
14082
Convert 174 (base 12) to base 5.
1412
What is 2305 (base 7) in base 10?
838
31a4 (base 15) to base 4
2210020
What is -2867b (base 13) in base 9?
-124887
What is -1817 (base 10) in base 16?
-719
Convert -87a4 (base 12) to base 5.
-434311
Convert 107222 (base 8) to base 3.
1212001210
What is 6a2 (base 12) in base 11?
817
Convert b3 (base 12) to base 16.
87
Convert 213 (base 7) to base 9.
130
Convert 1033331 (base 4) to base 10.
5117
Convert -2212200000 (base 3) to base 7.
-324033
What is 11403 (base 5) in base 6?
3541
Convert -370 (base 9) to base 11.
-259
What is 1030 (base 4) in base 11?
6a
15334 (base 7) to base 16
10c0
2571 (base 11) to base 2
110100010001
What is -10117 (base 8) in base 16?
-104f
Convert 214250 (base 6) to base 14.
66c6
-21202202 (base 3) to base 15
-1a28
What is 1198 (base 13) in base 16?
9bb
-5353 (base 6) to base 13
-72c
What is -10011010100100 (base 2) in base 10?
-9892
Convert -126a (base 13) to base 12.
-1627
-1001001011100001 (base 2) to base 4
-21023201
Convert 9113 (base 13) to base 9.
30335
What is -271c (base 13) in base 6?
-41534
What is 4330223 (base 5) in base 9?
122224
Convert -742 (base 8) to base 7.
-1256
Convert -1577 (base 10) to base 4.
-120221
Convert -616 (base 16) to base 2.
-11000010110
What is 1012011 (base 3) in base 11?
71a
Convert -391 (base 15) to base 6.
-3431
Convert -444 (base 10) to base 15.
-1e9
What is -4cb2 (base 13) in base 10?
-10961
What is -390 (base 13) in base 4?
-21300
Convert 19a77 (base